 is the units digit of z?
9
Let m = -3 + 5. Let o = m - 0. What is the units digit of o?
2
Let z(u) be the first derivative of u**4/4 + 4*u**3/3 + 5*u + 7. What is the units digit of z(-4)?
5
Let r(t) = 11*t - 11. What is the units digit of r(6)?
5
Let o(z) be the third derivative of -z**6/120 + z**5/15 - z**3/3 + 3*z**2. What is the tens digit of o(-2)?
2
Suppose 0*l + 4*m - 134 = -l, 2*m = 8. What is the hundreds digit of l?
1
What is the tens digit of (-48)/216 - 1066/(-18)?
5
Let t = 2 + 1. Suppose -4*i + 0*b = -t*b - 34, -3*i = -b - 23. What is the units digit of i?
7
What is the tens digit of 10/15 + 460/12?
3
Suppose -3*h + z + 8 = -0*z, -10 = 2*z. Suppose h + 0 = x. Suppose -14 = -5*a - 4*i, 3*a + x = -5*i - 1. What is the units digit of a?
6
Suppose -3*w + 6 = 15. Suppose -3*i + 40 = -6*i + 4*s, -3*i = -3*s + 39. What is the units digit of (4/i)/(1/w)?
1
Let l(n) = -3*n + 7. Suppose 7 - 22 = 5*t. What is the units digit of l(t)?
6
Let p = -51 + 58. What is the units digit of p?
7
Suppose 0*n + 704 = 5*j + 4*n, n - 428 = -3*j. What is the tens digit of j?
4
Let n = 95 + -51. Suppose 74 = 4*t - 3*i + 6, -4*t - 3*i = -n. What is the tens digit of t?
1
Suppose 2*j - 5*j = -9. Suppose 2*n + 5*b = -3*n, -b = j*n - 2. What is the units digit of n?
1
Let x(j) = 2*j**3 - 4*j**2 + 2*j + 1. Let u be x(2). Suppose 27 = u*w - 3. What is the units digit of 14/w - 1/3?
2
Suppose -i + 5*g + 18 = 0, i - 4*g - 5 - 13 = 0. Let b be ((-2)/(-4))/(2/16). Suppose -2*k = -3*o + 5*o - b, 0 = -3*o + k + i. What is the units digit of o?
5
Let s(z) = z**2 + 3*z - 1. Let k be -2*2*1 - 0. Let r be s(k). Suppose 0*l - l = -r. What is the units digit of l?
3
Suppose 0 = 4*i + 5 - 29. Suppose -3*y - i = -y. Let u(j) = j**3 + 2*j**2 - 3*j + 2. What is the units digit of u(y)?
2
Let j = 2 - 6. Suppose -z = -0 - 6. What is the units digit of ((-6)/j)/(3/z)?
3
Suppose 2*o + 5*j - 4 - 21 = 0, 2*j = -4*o + 10. What is the units digit of (o - -2) + 13 - -3?
8
Suppose -4*c = -9*c - 25, -5*o = 3*c + 25. What is the units digit of 4/o - (-28)/7?
2
Suppose 3*h - 56 - 13 = 0. What is the units digit of h?
3
What is the tens digit of (-142)/(-7) + 26/(-91)?
2
Suppose -a + 44 = a. Suppose -3*i = -2*h + 35, 3*i - 2*h = 7*i + 42. Let o = i + a. What is the tens digit of o?
1
Suppose -2*o - 12 = -7*q + 3*q, 5*o = -2*q - 18. What is the tens digit of -2*(-9 - -2)/q?
1
Let d(t) = 2*t + 3. Let w be d(-6). Let i(j) = 5*j - 3. Let c(z) = -z + 1. Let k(f) = w*c(f) - 2*i(f). What is the units digit of k(-5)?
2
What is the units digit of -1 + 1*(-42)/(-2)?
0
What is the tens digit of (-236)/(-5)*95/38 - 2?
1
What is the units digit of 0 + (9/3 - -114)*1?
7
Let a(o) = 3*o - 12. Let v be a(8). Suppose -v = -4*g - 4. Suppose -3*p + 5 = g*p. What is the units digit of p?
1
Let k(w) = -w + 2. Let p be k(4). What is the tens digit of (5 + p)*39/9?
1
What is the tens digit of 8/(-12) + 692/12?
5
Suppose 25 = 5*d + 5*t + 190, -2*d - 4*t = 56. Let o = 58 + d. What is the tens digit of o?
2
Suppose 2*r - 6 = 4*k, k - 11 = -3*r + 5*k. Suppose 2*c = -r*y + 39, y - 2*y = -5*c - 24. What is the units digit of y?
9
Let i(g) be the second derivative of g**3/6 - g**2/2 - 3*g. Let b be i(5). Suppose 4*o + 44 = 5*u, b*u - 80 = -u - 5*o. What is the units digit of u?
2
Let f = 45 + -41. What is the units digit of f?
4
Let b = 7 - 2. Let k(x) = x**2 - 5*x - 6. Let l be k(b). What is the units digit of (l/(-4))/(3/2)?
1
Suppose 10*g = 5*g - 10. What is the units digit of 3/g*(-16)/12?
2
Suppose -6*t + 4 = -10*t. What is the units digit of (1 - -1)/(t/(-5))?
0
Let q(j) = j**3 - 3*j**2. Let f be q(3). Suppose f = v - 6 - 4. Let m = v - -3. What is the units digit of m?
3
Let m be (2/(-4))/((-1)/(-16)). Let c(y) be the second derivative of -y**5/20 - 2*y**4/3 - y**3/3 - y**2/2 - 4*y. What is the tens digit of c(m)?
1
Let g(f) = 77*f**2 + 1. What is the tens digit of g(-1)?
7
Let y(i) = 2*i + 4. Let x be y(3). Suppose x + 17 = 3*h. What is the units digit of h?
9
Let q(f) = -4*f + f**2 + 0*f**2 + 13 - 3*f - f. What is the tens digit of q(10)?
3
Suppose 0*s = -s + 32. What is the units digit of s?
2
Suppose 2*d = 6*d - 144. What is the units digit of d?
6
Let u(i) = i**3 + 10*i**2 + 8*i + 11. What is the hundreds digit of u(-6)?
1
Suppose 60 = 2*n - 3*m + 1, -m = -2*n + 69. What is the tens digit of n?
3
Suppose -2*l - 10 = -4*l. Suppose -2*h - h = 0, c - l = -3*h. What is the units digit of c?
5
Let m = 7 + -7. Suppose m = -j - 2*j. Suppose j*k = -k + 14. What is the units digit of k?
4
Let l(p) = 2*p**3 + 3*p**2 + p - 2. Let v be l(-2). Let s = v - -7. What is the tens digit of (s - -2) + (16 - 2)?
1
Let t(m) = m**3 - 4*m**2 + 5*m - 4. Suppose v = -3*v. Suppose 2*f - 3*f + 3 = v. What is the units digit of t(f)?
2
Let r(c) = -3*c - 9. Let z = -15 + 9. What is the units digit of r(z)?
9
Suppose t + t = 152. Let h = t + -40. What is the tens digit of h?
3
Let s be 1 - (-2 - 0) - 6. What is the units digit of (-2 + 3)/(s - -4)?
1
Let f(c) = c**3 + 9*c**2 - 5. Let i be f(-9). What is the units digit of i/((-10)/62) - -1?
2
Let w = -3 + 5. Suppose 8 = 2*c - 4*h + h, -8 = -w*c - 2*h. What is the units digit of c?
4
Suppose -17*l + 12*l = -1780. What is the units digit of l?
6
Let s(c) = -c**3 - c**2 - c + 9. Let r = -2 - -2. What is the units digit of s(r)?
9
Let g be 61/(-3) - (-1)/3. What is the units digit of 10/(-3)*24/g?
4
Let z(m) be the third derivative of m**6/120 - m**5/10 + m**4/4 - m**3/3 - 2*m**2. Let s be z(5). Suppose -4*c = -c - s. What is the units digit of c?
1
Let f = 7 + 19. What is the tens digit of f?
2
Let n(x) = x**2 + 5*x + 4. Let w be n(-3). Let v(r) be the first derivative of -r**4/2 - r**3 - r**2/2 + r - 1. What is the units digit of v(w)?
7
Let w = -60 + 115. What is the tens digit of w?
5
Suppose -2*u = -2*q, 3*q + 0*u = 2*u. Suppose t + 5*b + 8 = q, 5*t - 3*t + 4*b = 2. What is the units digit of t?
7
Let z(c) = -c**3 - 14*c**2 - 16*c - 10. Let i be z(-13). Let k = i - 19. What is the units digit of k?
0
Suppose 5*m + 2*n - 17 = 0, m = -0*n + 3*n. Suppose 2*b + 15 = m*b. What is the units digit of b?
5
Let c = 562 - 368. What is the hundreds digit of c?
1
Let u(z) = -3*z**3 + z + 1. Let q be u(-1). Suppose 3*n - g + 0*g - q = 0, 3*n = -g + 3. What is the units digit of n?
1
Suppose -2*q + 2 = -3*f - 1, -5*q - 2*f - 2 = 0. Suppose q = -12*y + 7*y + 255. What is the units digit of y?
1
Let i = -6 + 12. Suppose -b = -i*b + 50. What is the tens digit of b?
1
Suppose 2*i = m, 4*i - 20 = 3*m - 6*m. Suppose -m*r + 5*r - 15 = 0. Suppose -3*t + 12 = 5*o - 0*o, 0 = -t + 2*o + r. What is the units digit of t?
9
Suppose -43 = -5*h - 18. Suppose -h*j - 4*n + 92 = 0, 3*j + 3*n - 60 = -n. Suppose 4*w - j = 2*t, 3*w - 5 = t + 5. What is the units digit of w?
2
Let h(r) = -r**2 + 6*r + 7. Let v be h(8). Let a(s) = s**2 + 3*s - 2. Let n be a(v). Suppose 3*l - n = -l. What is the tens digit of l?
1
Suppose -f = -4*i - 48 - 61, 2*i + 236 = 2*f. What is the units digit of f?
1
Let l = 2 + -2. Suppose 60 + l = 3*m. What is the units digit of m?
0
Let l(h) = 3*h - 1. Let r(c) = c + 1. Let v be r(0). Let x be l(v). What is the units digit of (3/2 + -1)*x?
1
Let d(z) be the first derivative of -z**3/6 + 2*z**2 + 2*z - 1. Let s(u) be the first derivative of d(u). What is the units digit of s(3)?
1
Let p(h) = -229*h + 2. What is the tens digit of p(-1)?
3
What is the tens digit of (-36 + 4)*3/(-3)?
3
Suppose -2*z = -5*l - 62, -184 = -5*z - l - l. What is the tens digit of z?
3
Let z = 14 + -24. What is the units digit of z/(-8) + 15/20?
2
What is the units digit of (8/2)/(6/75)?
0
Let k(f) = 4*f**2 + 16*f + 10. What is the units digit of k(-6)?
8
Let j = 5 - -3. Suppose -6*t - 44 = -j*t. What is the units digit of t?
2
Let n(s) = -s**3 + s**2 + 30. What is the units digit of n(0)?
0
Let x = 0 + 4. Suppose -2*d = 2*d + x. Let y(v) = 5*v**2 - 2*v - 1. What is the units digit of y(d)?
6
Suppose 0 = 31*x - 33*x + 282. What is the tens digit of x?
4
Let q(y) = 7*y**3 + 1. Let p(a) = 13*a**3 - a**2 - a + 3. Let x(o) = 6*p(o) - 11*q(o). What is the units digit of x(7)?
4
Let s(x) = -10*x**3 - x**2 - 2*x - 1. Let g be s(-1). Let n = g - 4. What is the units digit of n?
6
Let b = -55 + 86. What is the units digit of b?
1
S